{"id":779,"date":"2015-11-27T12:35:30","date_gmt":"2015-11-27T12:35:30","guid":{"rendered":"http:\/\/bbbarcos.com\/novo\/?page_id=779"},"modified":"2026-03-09T19:58:02","modified_gmt":"2026-03-09T19:58:02","slug":"barcos","status":"publish","type":"page","link":"https:\/\/bbbarcos.com\/novo\/barcos\/","title":{"rendered":"Barcos"},"content":{"rendered":"\t\t<div data-elementor-type=\"wp-page\" data-elementor-id=\"779\" class=\"elementor elementor-779\">\n\t\t\t\t\t\t<section class=\"elementor-section elementor-top-section elementor-element elementor-element-759c93c6 elementor-section-height-min-height elementor-section-boxed elementor-section-height-default elementor-section-items-middle\" data-id=\"759c93c6\" data-element_type=\"section\" data-settings=\"{&quot;background_background&quot;:&quot;classic&quot;}\">\n\t\t\t\t\t\t<div class=\"elementor-container elementor-column-gap-default\">\n\t\t\t\t\t<div class=\"elementor-column elementor-col-100 elementor-top-column elementor-element elementor-element-42be1bb8\" data-id=\"42be1bb8\" data-element_type=\"column\">\n\t\t\t<div class=\"elementor-widget-wrap elementor-element-populated\">\n\t\t\t\t\t\t\t<\/div>\n\t\t<\/div>\n\t\t\t\t\t<\/div>\n\t\t<\/section>\n\t\t\t\t<section class=\"elementor-section elementor-top-section elementor-element elementor-element-6a487f1 elementor-section-boxed elementor-section-height-default elementor-section-height-default\" data-id=\"6a487f1\" data-element_type=\"section\">\n\t\t\t\t\t\t<div class=\"elementor-container elementor-column-gap-default\">\n\t\t\t\t\t<div class=\"elementor-column elementor-col-100 elementor-top-column elementor-element elementor-element-a798ff2\" data-id=\"a798ff2\" data-element_type=\"column\">\n\t\t\t<div class=\"elementor-widget-wrap elementor-element-populated\">\n\t\t\t\t\t\t<div class=\"elementor-element elementor-element-7d729b8 elementor-widget elementor-widget-spacer\" data-id=\"7d729b8\" data-element_type=\"widget\" data-widget_type=\"spacer.default\">\n\t\t\t\t<div class=\"elementor-widget-container\">\n\t\t\t\t\t\t\t<div class=\"elementor-spacer\">\n\t\t\t<div class=\"elementor-spacer-inner\"><\/div>\n\t\t<\/div>\n\t\t\t\t\t\t<\/div>\n\t\t\t\t<\/div>\n\t\t\t\t<div class=\"elementor-element elementor-element-270671c elementor-widget elementor-widget-heading\" data-id=\"270671c\" data-element_type=\"widget\" data-widget_type=\"heading.default\">\n\t\t\t\t<div class=\"elementor-widget-container\">\n\t\t\t\t\t<h2 class=\"elementor-heading-title elementor-size-default\">Nossas embarca\u00e7\u00f5es<\/h2>\t\t\t\t<\/div>\n\t\t\t\t<\/div>\n\t\t\t\t<div class=\"elementor-element elementor-element-bff9288 elementor-widget elementor-widget-text-editor\" data-id=\"bff9288\" data-element_type=\"widget\" data-widget_type=\"text-editor.default\">\n\t\t\t\t<div class=\"elementor-widget-container\">\n\t\t\t\t\t\t\t\t\t<p style=\"text-align: center;\">Confira todos os nossos modelos de Catamarans voltados ao transporte de passageiros:<\/p>\t\t\t\t\t\t\t\t<\/div>\n\t\t\t\t<\/div>\n\t\t\t\t\t<\/div>\n\t\t<\/div>\n\t\t\t\t\t<\/div>\n\t\t<\/section>\n\t\t\t\t<section class=\"elementor-section elementor-top-section elementor-element elementor-element-8ca011d elementor-section-boxed elementor-section-height-default elementor-section-height-default\" data-id=\"8ca011d\" data-element_type=\"section\">\n\t\t\t\t\t\t<div class=\"elementor-container elementor-column-gap-default\">\n\t\t\t\t\t<div class=\"elementor-column elementor-col-100 elementor-top-column elementor-element elementor-element-4d59d0d\" data-id=\"4d59d0d\" data-element_type=\"column\">\n\t\t\t<div class=\"elementor-widget-wrap elementor-element-populated\">\n\t\t\t\t\t\t<div class=\"elementor-element elementor-element-f01c289 elementor-widget elementor-widget-html\" data-id=\"f01c289\" data-element_type=\"widget\" data-widget_type=\"html.default\">\n\t\t\t\t<div class=\"elementor-widget-container\">\n\t\t\t\t\t<div class=\"boats-grid-two\">\n\n  <!-- Card 1 - CAT BB 47 -->\n  <div class=\"boat-card-large\">\n    <div class=\"boat-image-large\" style=\"background-image: url('https:\/\/bbbarcos.com\/novo\/wp-content\/uploads\/2015\/11\/cat-43-2.jpg');\">\n      \n      <div class=\"boat-badges\">\n        <span class=\"badge\">\n          <svg width=\"16\" height=\"16\" viewBox=\"0 0 24 24\" fill=\"none\">\n            <path d=\"M21 8L12 3L3 8V16L12 21L21 16V8Z\" stroke=\"currentColor\" stroke-width=\"2\"\/>\n          <\/svg>\n          47 p\u00e9s\n        <\/span>\n        <span class=\"badge\">\n          <svg width=\"16\" height=\"16\" viewBox=\"0 0 24 24\" fill=\"none\">\n            <path d=\"M17 21V19C17 16.2386 14.7614 14 12 14C9.23858 14 7 16.2386 7 19V21\" stroke=\"currentColor\" stroke-width=\"2\"\/>\n          <\/svg>\n          77 pessoas\n        <\/span>\n      <\/div>\n\n      <div class=\"boat-overlay\"><\/div>\n\n      <div class=\"boat-content\">\n        <h3 class=\"boat-title\">CAT BB 47<\/h3>\n        <p class=\"boat-description\">\n          Catamar\u00e3 vers\u00e1til e moderno, ideal para passeios tur\u00edsticos \n          e eventos com capacidade para at\u00e9 30 pessoas.\n        <\/p>\n        <a href=\"https:\/\/bbbarcos.com\/novo\/cat-bb-47\" class=\"boat-button\">\n          Ver Detalhes\n          <svg width=\"20\" height=\"20\" viewBox=\"0 0 24 24\" fill=\"none\">\n            <path d=\"M5 12H19M19 12L12 5M19 12L12 19\" stroke=\"currentColor\" stroke-width=\"2\"\/>\n          <\/svg>\n        <\/a>\n      <\/div>\n\n    <\/div>\n  <\/div>\n\n  <!-- Card 2 - CAT BB 66 -->\n  <div class=\"boat-card-large\">\n    <div class=\"boat-image-large\" style=\"background-image: url('https:\/\/bbbarcos.com\/novo\/wp-content\/uploads\/2015\/11\/cat-60-7.jpg');\">\n      \n      <div class=\"boat-badges\">\n        <span class=\"badge\">\n          <svg width=\"16\" height=\"16\" viewBox=\"0 0 24 24\" fill=\"none\">\n            <path d=\"M21 8L12 3L3 8V16L12 21L21 16V8Z\" stroke=\"currentColor\" stroke-width=\"2\"\/>\n          <\/svg>\n          66 p\u00e9s\n        <\/span>\n        <span class=\"badge\">\n          <svg width=\"16\" height=\"16\" viewBox=\"0 0 24 24\" fill=\"none\">\n            <path d=\"M17 21V19C17 16.2386 14.7614 14 12 14C9.23858 14 7 16.2386 7 19V21\" stroke=\"currentColor\" stroke-width=\"2\"\/>\n          <\/svg>\n          160 pessoas\n        <\/span>\n      <\/div>\n\n      <div class=\"boat-overlay\"><\/div>\n\n      <div class=\"boat-content\">\n        <h3 class=\"boat-title\">CAT BB 66<\/h3>\n        <p class=\"boat-description\">\n          Nosso modelo premium para grandes eventos e celebra\u00e7\u00f5es, \n          com todo luxo e conforto para at\u00e9 50 pessoas.\n        <\/p>\n        <a href=\"https:\/\/bbbarcos.com\/novo\/cat-bb-66-2\" class=\"boat-button\">\n          Ver Detalhes\n          <svg width=\"20\" height=\"20\" viewBox=\"0 0 24 24\" fill=\"none\">\n            <path d=\"M5 12H19M19 12L12 5M19 12L12 19\" stroke=\"currentColor\" stroke-width=\"2\"\/>\n          <\/svg>\n        <\/a>\n      <\/div>\n\n    <\/div>\n  <\/div>\n\n<\/div>\n\n<style>\n.boats-grid-two {\n  display: grid;\n  grid-template-columns: repeat(2, 1fr);\n  gap: 40px;\n  padding: 40px 20px;\n  max-width: 1400px;\n  margin: 0 auto;\n}\n\n.boat-card-large {\n  width: 100%;\n}\n\n.boat-image-large {\n  position: relative;\n  width: 100%;\n  height: 600px;\n  background-size: cover;\n  background-position: center;\n  border-radius: 24px;\n  overflow: hidden;\n  transition: transform 0.5s ease;\n}\n\n.boat-card-large:hover .boat-image-large {\n  transform: scale(1.02);\n}\n\n\/* Overlay escuro *\/\n.boat-overlay {\n  position: absolute;\n  top: 0;\n  left: 0;\n  width: 100%;\n  height: 100%;\n  background: linear-gradient(\n    180deg,\n    rgba(0, 0, 0, 0.2) 0%,\n    rgba(0, 0, 0, 0.7) 100%\n  );\n  transition: opacity 0.3s ease;\n}\n\n.boat-card-large:hover .boat-overlay {\n  background: linear-gradient(\n    180deg,\n    rgba(0, 0, 0, 0.3) 0%,\n    rgba(0, 0, 0, 0.75) 100%\n  );\n}\n\n\/* Badges superiores *\/\n.boat-badges {\n  position: absolute;\n  top: 30px;\n  left: 30px;\n  display: flex;\n  gap: 12px;\n  z-index: 2;\n  animation: fadeInDown 0.8s ease;\n}\n\n.badge {\n  display: inline-flex;\n  align-items: center;\n  gap: 8px;\n  padding: 10px 20px;\n  background: rgba(255, 255, 255, 0.15);\n  backdrop-filter: blur(10px);\n  border: 1px solid rgba(255, 255, 255, 0.2);\n  border-radius: 50px;\n  color: #ffffff;\n  font-size: 14px;\n  font-weight: 600;\n}\n\n.badge svg {\n  stroke: currentColor;\n}\n\n\/* Conte\u00fado do card *\/\n.boat-content {\n  position: absolute;\n  bottom: 0;\n  left: 0;\n  right: 0;\n  padding: 40px;\n  z-index: 2;\n  color: #ffffff;\n}\n\n.boat-title {\n  font-size: 48px;\n  font-weight: 700;\n  margin: 0 0 20px 0;\n  animation: fadeInUp 0.8s ease 0.2s both;\n}\n\n.boat-description {\n  font-size: 18px;\n  line-height: 1.6;\n  margin: 0 0 30px 0;\n  max-width: 500px;\n  opacity: 0.95;\n  animation: fadeInUp 0.8s ease 0.4s both;\n}\n\n.boat-button {\n  display: inline-flex;\n  align-items: center;\n  gap: 10px;\n  padding: 14px 28px;\n  background: #ffffff;\n  color: #1b657e;\n  font-size: 16px;\n  font-weight: 600;\n  text-decoration: none;\n  border-radius: 8px;\n  transition: all 0.3s ease;\n  animation: fadeInUp 0.8s ease 0.6s both;\n}\n\n.boat-button:hover {\n  background: #f0f0f0;\n  transform: translateX(5px);\n  box-shadow: 0 10px 30px rgba(0, 0, 0, 0.3);\n}\n\n.boat-button svg {\n  stroke: currentColor;\n  transition: transform 0.3s ease;\n}\n\n.boat-button:hover svg {\n  transform: translateX(5px);\n}\n\n\/* Anima\u00e7\u00f5es *\/\n@keyframes fadeInUp {\n  from {\n    opacity: 0;\n    transform: translateY(30px);\n  }\n  to {\n    opacity: 1;\n    transform: translateY(0);\n  }\n}\n\n@keyframes fadeInDown {\n  from {\n    opacity: 0;\n    transform: translateY(-20px);\n  }\n  to {\n    opacity: 1;\n    transform: translateY(0);\n  }\n}\n\n\/* RESPONSIVO *\/\n@media (max-width: 1024px) {\n  .boats-grid-two {\n    grid-template-columns: 1fr;\n    gap: 30px;\n  }\n  \n  .boat-image-large {\n    height: 500px;\n  }\n}\n\n@media (max-width: 768px) {\n  .boat-image-large {\n    height: 450px;\n    border-radius: 16px;\n  }\n\n  .boat-badges {\n    top: 20px;\n    left: 20px;\n    flex-wrap: wrap;\n  }\n\n  .badge {\n    font-size: 12px;\n    padding: 8px 16px;\n  }\n\n  .boat-content {\n    padding: 30px 20px;\n  }\n\n  .boat-title {\n    font-size: 36px;\n  }\n\n  .boat-description {\n    font-size: 16px;\n  }\n}\n\n@media (max-width: 480px) {\n  .boat-image-large {\n    height: 400px;\n  }\n\n  .boat-title {\n    font-size: 28px;\n  }\n}\n<\/style>\t\t\t\t<\/div>\n\t\t\t\t<\/div>\n\t\t\t\t<div class=\"elementor-element elementor-element-b47cdd2 elementor-widget elementor-widget-spacer\" data-id=\"b47cdd2\" data-element_type=\"widget\" data-widget_type=\"spacer.default\">\n\t\t\t\t<div class=\"elementor-widget-container\">\n\t\t\t\t\t\t\t<div class=\"elementor-spacer\">\n\t\t\t<div class=\"elementor-spacer-inner\"><\/div>\n\t\t<\/div>\n\t\t\t\t\t\t<\/div>\n\t\t\t\t<\/div>\n\t\t\t\t\t<\/div>\n\t\t<\/div>\n\t\t\t\t\t<\/div>\n\t\t<\/section>\n\t\t\t\t<\/div>\n\t\t","protected":false},"excerpt":{"rendered":"<p>Nossas embarca\u00e7\u00f5es Confira todos os nossos modelos de Catamarans voltados ao transporte de passageiros: 47 p\u00e9s 77 pessoas CAT BB 47 Catamar\u00e3 vers\u00e1til e moderno, ideal para passeios tur\u00edsticos e eventos com capacidade para at\u00e9 30 pessoas. Ver Detalhes 66 p\u00e9s 160 pessoas CAT BB 66 Nosso modelo premium para grandes eventos e celebra\u00e7\u00f5es, com [&hellip;]<\/p>\n","protected":false},"author":1,"featured_media":0,"parent":0,"menu_order":0,"comment_status":"closed","ping_status":"closed","template":"elementor_header_footer","meta":{"footnotes":""},"class_list":["post-779","page","type-page","status-publish","hentry"],"_links":{"self":[{"href":"https:\/\/bbbarcos.com\/novo\/wp-json\/wp\/v2\/pages\/779","targetHints":{"allow":["GET"]}}],"collection":[{"href":"https:\/\/bbbarcos.com\/novo\/wp-json\/wp\/v2\/pages"}],"about":[{"href":"https:\/\/bbbarcos.com\/novo\/wp-json\/wp\/v2\/types\/page"}],"author":[{"embeddable":true,"href":"https:\/\/bbbarcos.com\/novo\/wp-json\/wp\/v2\/users\/1"}],"replies":[{"embeddable":true,"href":"https:\/\/bbbarcos.com\/novo\/wp-json\/wp\/v2\/comments?post=779"}],"version-history":[{"count":18,"href":"https:\/\/bbbarcos.com\/novo\/wp-json\/wp\/v2\/pages\/779\/revisions"}],"predecessor-version":[{"id":1232,"href":"https:\/\/bbbarcos.com\/novo\/wp-json\/wp\/v2\/pages\/779\/revisions\/1232"}],"wp:attachment":[{"href":"https:\/\/bbbarcos.com\/novo\/wp-json\/wp\/v2\/media?parent=779"}],"curies":[{"name":"wp","href":"https:\/\/api.w.org\/{rel}","templated":true}]}}